{"id":920,"date":"2019-05-07T12:35:25","date_gmt":"2019-05-07T10:35:25","guid":{"rendered":"https:\/\/www.generalwater.es\/?page_id=920"},"modified":"2024-05-17T12:04:51","modified_gmt":"2024-05-17T10:04:51","slug":"contacte","status":"publish","type":"page","link":"https:\/\/www.generalwater.es\/ca\/contacte\/","title":{"rendered":"Contacte"},"content":{"rendered":"<p>[et_pb_section fb_built=&#8221;1&#8243; fullwidth=&#8221;on&#8221; _builder_version=&#8221;4.16&#8243; inner_width_tablet=&#8221;50px&#8221; inner_max_width_tablet=&#8221;50px&#8221; z_index_tablet=&#8221;500&#8243; global_colors_info=&#8221;{}&#8221;][et_pb_fullwidth_header title=&#8221;Contacte&#8221; text_orientation=&#8221;center&#8221; _builder_version=&#8221;4.24.0&#8243; title_font=&#8221;|||on|||||&#8221; title_text_align=&#8221;center&#8221; title_font_size=&#8221;50px&#8221; background_color=&#8221;#375677&#8243; background_enable_image=&#8221;off&#8221; z_index_tablet=&#8221;500&#8243; text_shadow_style=&#8221;preset3&#8243; global_colors_info=&#8221;{}&#8221;][\/et_pb_fullwidth_header][\/et_pb_section][et_pb_section fb_built=&#8221;1&#8243; module_id=&#8221;gw_ctc&#8221; _builder_version=&#8221;4.16&#8243; global_colors_info=&#8221;{}&#8221;][et_pb_row column_structure=&#8221;1_2,1_2&#8243; _builder_version=&#8221;4.16&#8243; global_colors_info=&#8221;{}&#8221;][et_pb_column type=&#8221;1_2&#8243; module_id=&#8221;gw_ctc_c1&#8243; _builder_version=&#8221;4.16&#8243; custom_padding=&#8221;|||&#8221; global_colors_info=&#8221;{}&#8221; custom_padding__hover=&#8221;|||&#8221;][et_pb_contact_form email=&#8221;leads@generalwater.es&#8221; title=&#8221;Formulari de contacte&#8221; custom_message=&#8221;Nombre: %%Name%%||et_pb_line_break_holder||Email: %%Email%%||et_pb_line_break_holder||Tel\u00e9fono: %%Telefono%%||et_pb_line_break_holder||Mensaje: %%Message%%||et_pb_line_break_holder||Tratamiento de datos: %%tratamiento-datos%%||et_pb_line_break_holder||Promociones: %%promociones%%||et_pb_line_break_holder||&#8212;&#8212;&#8212;-||et_pb_line_break_holder||Departamento: %%departamento%%&#8221; use_redirect=&#8221;on&#8221; redirect_url=&#8221;\/ca\/gracies\/&#8221; success_message=&#8221;Gr\u00e0cies per contactar amb nosaltres&#8221; submit_button_text=&#8221;Enviar&#8221; _builder_version=&#8221;4.16&#8243; _unique_id=&#8221;b41102ae-cbc4-49d5-80f6-011db99ca7e2&#8243; custom_button=&#8221;on&#8221; button_text_color=&#8221;#ffffff&#8221; button_bg_color=&#8221;#316e96&#8243; z_index_tablet=&#8221;500&#8243; global_colors_info=&#8221;{}&#8221;][et_pb_contact_field field_id=&#8221;Name&#8221; field_title=&#8221;Nom&#8221; fullwidth_field=&#8221;on&#8221; _builder_version=&#8221;4.16&#8243; global_colors_info=&#8221;{}&#8221;][\/et_pb_contact_field][et_pb_contact_field field_id=&#8221;Email&#8221; field_title=&#8221;Correu electr\u00f2nic&#8221; field_type=&#8221;email&#8221; fullwidth_field=&#8221;on&#8221; _builder_version=&#8221;4.16&#8243; global_colors_info=&#8221;{}&#8221;][\/et_pb_contact_field][et_pb_contact_field field_id=&#8221;Telefono&#8221; field_title=&#8221;Tel\u00e8fon&#8221; required_mark=&#8221;off&#8221; fullwidth_field=&#8221;on&#8221; _builder_version=&#8221;4.16&#8243; global_colors_info=&#8221;{}&#8221;][\/et_pb_contact_field][et_pb_contact_field field_id=&#8221;departamento&#8221; field_title=&#8221;Selecciona departament&#8221; field_type=&#8221;select&#8221; select_options=&#8221;%91{%22value%22:%22Informaci\u00f3 comercial%22,%22checked%22:0},{%22value%22:%22Servei t\u00e8cnic%22,%22checked%22:0}%93&#8243; _builder_version=&#8221;4.16&#8243; global_colors_info=&#8221;{}&#8221;][\/et_pb_contact_field][et_pb_contact_field field_id=&#8221;Message&#8221; field_title=&#8221;Missatge&#8221; field_type=&#8221;text&#8221; fullwidth_field=&#8221;on&#8221; _builder_version=&#8221;4.16&#8243; global_colors_info=&#8221;{}&#8221;][\/et_pb_contact_field][et_pb_contact_field field_id=&#8221;tratamiento-datos&#8221; field_type=&#8221;checkbox&#8221; checkbox_options=&#8221;%91{%22value%22:%22Accepto el tractament de les meves dades per les finalitats indicades%22,%22checked%22:0}%93&#8243; fullwidth_field=&#8221;on&#8221; _builder_version=&#8221;4.16&#8243; global_colors_info=&#8221;{}&#8221;][\/et_pb_contact_field][et_pb_contact_field field_id=&#8221;promociones&#8221; field_type=&#8221;checkbox&#8221; checkbox_options=&#8221;%91{%22value%22:%22Autoritzo que m&#8217;env\u00efin promocions d&#8217;inter\u00e8s relacionades amb els seus productes%22,%22checked%22:0}%93&#8243; required_mark=&#8221;off&#8221; fullwidth_field=&#8221;on&#8221; _builder_version=&#8221;4.16&#8243; global_colors_info=&#8221;{}&#8221;][\/et_pb_contact_field][\/et_pb_contact_form][et_pb_code _builder_version=&#8221;4.24.3&#8243; hover_enabled=&#8221;0&#8243; z_index_tablet=&#8221;500&#8243; global_colors_info=&#8221;{}&#8221; sticky_enabled=&#8221;0&#8243;]<\/p>\n<div id=\"data_info_wrapper\">\n<div id=\"data_info\"><pee class=\"head\"><strong>INFORMACI\u00d3 B\u00c0SICA SOBRE PROTECCI\u00d3 DE DADES<\/strong><\/pee>\n<ul>\n<li><strong>Responsable:<\/strong> *GENERAL WATER SYSTEMS,SL<\/li>\n<li><strong>Finalitats:<\/strong> *Gestionar l&#8217;enviament d&#8217;informaci\u00f3 que ens sol\u00b7licita<\/li>\n<li><strong>Legitimaci\u00f3<\/strong> *Consentiment de l&#8217;interessat<\/li>\n<li><strong>Destinataris:<\/strong> *Les seves dades no es cediran a tercers excepte en el cas d&#8217;obligaci\u00f3 legal<\/li>\n<li><strong>Drets de l&#8217;interessat:<\/strong> *A accedir, oposar-se, rectificar i que s&#8217;esborrin les seves dades, aix\u00ed com olios drets com s&#8217;explica en l&#8217;informaci\u00f3 addicional<\/li>\n<\/ul>\n<pee>*Pot accedir a informaci\u00f3 addicional i ampliada en aquest enlla\u00e7 <a target=\"_blank\" href=\"https:\/\/www.generalwater.es\/proteccion-de-datos\/\" rel=\"noopener noreferrer\">+INFO SOBRE PROTECCI\u00d3 DE DADES<\/a><\/pee><\/div>\n<\/div>\n<p>[\/et_pb_code][et_pb_code _builder_version=&#8221;4.16&#8243; z_index_tablet=&#8221;500&#8243; global_colors_info=&#8221;{}&#8221;]<script><!-- [et_pb_line_break_holder] -->jQuery(document).ready(function(){<!-- [et_pb_line_break_holder] -->jQuery(\"#data_info_wrapper\").insertBefore(\"p[data-id=tratamiento-datos]\");<!-- [et_pb_line_break_holder] -->});<!-- [et_pb_line_break_holder] --><\/script><!-- [et_pb_line_break_holder] -->[\/et_pb_code][\/et_pb_column][et_pb_column type=&#8221;1_2&#8243; module_id=&#8221;gw_ctc_c2&#8243; _builder_version=&#8221;4.16&#8243; custom_padding=&#8221;|||&#8221; global_colors_info=&#8221;{}&#8221; custom_padding__hover=&#8221;|||&#8221;][et_pb_image src=&#8221;https:\/\/www.generalwater.es\/wp-content\/uploads\/2024\/05\/mapa.png&#8221; title_text=&#8221;mapa&#8221; align_tablet=&#8221;center&#8221; align_phone=&#8221;&#8221; align_last_edited=&#8221;on|desktop&#8221; _builder_version=&#8221;4.24.3&#8243; custom_margin=&#8221;5px||5px|5%&#8221; custom_padding=&#8221;5px||5px|5%&#8221; hover_enabled=&#8221;0&#8243; global_colors_info=&#8221;{}&#8221; sticky_enabled=&#8221;0&#8243;][\/et_pb_image][et_pb_text _builder_version=&#8221;4.24.3&#8243; hover_enabled=&#8221;0&#8243; z_index_tablet=&#8221;500&#8243; global_colors_info=&#8221;{}&#8221; sticky_enabled=&#8221;0&#8243;]<\/p>\n<p style=\"text-align: right;\">Seu Central <strong>Barcelona<\/strong> | Delegacions <strong>Girona<\/strong>,<strong> Tarragona, Andorra<\/strong>\u00a0i <strong>Illes Balears<\/strong><\/p>\n<div class=\"horari-textos\">\n<p class=\"horari-text\">El nostre servei d&#8217;atenci\u00f3 al client es posar\u00e0 en contacte amb vost\u00e8 en un termini no superior a 10 minuts.<\/p>\n<p class=\"horari-text\">El trucarem dins del nostre horari comercial ininterromput, de dilluns a divendres de 09:00 h. a 19:00 h.<\/p>\n<\/div>\n<p>[\/et_pb_text][\/et_pb_column][\/et_pb_row][\/et_pb_section]<\/p>\n","protected":false},"excerpt":{"rendered":"<p>Seu Central Barcelona | Delegacions Girona, Tarragona, Andorra\u00a0i Illes Balears El nostre servei d&#8217;atenci\u00f3 al client es posar\u00e0 en contacte amb vost\u00e8 en un termini no superior a 10 minuts. El trucarem dins del nostre horari comercial ininterromput, de dilluns a divendres de 09:00 h. a 19:00 h.<\/p>\n","protected":false},"author":1,"featured_media":0,"parent":0,"menu_order":0,"comment_status":"closed","ping_status":"closed","template":"","meta":{"_et_pb_use_builder":"on","_et_pb_old_content":"","_et_gb_content_width":"","footnotes":""},"class_list":["post-920","page","type-page","status-publish","hentry"],"_links":{"self":[{"href":"https:\/\/www.generalwater.es\/ca\/wp-json\/wp\/v2\/pages\/920","targetHints":{"allow":["GET"]}}],"collection":[{"href":"https:\/\/www.generalwater.es\/ca\/wp-json\/wp\/v2\/pages"}],"about":[{"href":"https:\/\/www.generalwater.es\/ca\/wp-json\/wp\/v2\/types\/page"}],"author":[{"embeddable":true,"href":"https:\/\/www.generalwater.es\/ca\/wp-json\/wp\/v2\/users\/1"}],"replies":[{"embeddable":true,"href":"https:\/\/www.generalwater.es\/ca\/wp-json\/wp\/v2\/comments?post=920"}],"version-history":[{"count":2,"href":"https:\/\/www.generalwater.es\/ca\/wp-json\/wp\/v2\/pages\/920\/revisions"}],"predecessor-version":[{"id":7156,"href":"https:\/\/www.generalwater.es\/ca\/wp-json\/wp\/v2\/pages\/920\/revisions\/7156"}],"wp:attachment":[{"href":"https:\/\/www.generalwater.es\/ca\/wp-json\/wp\/v2\/media?parent=920"}],"curies":[{"name":"wp","href":"https:\/\/api.w.org\/{rel}","templated":true}]}}

<p>[et_pb_section fb_built=&#8221;1&#8243; fullwidth=&#8221;on&#8221; _builder_version=&#8221;4.16&#8243; inner_width_tablet=&#8221;50px&#8221; inner_max_width_tablet=&#8221;50px&#8221; z_index_tablet=&#8221;500&#8243; global_colors_info=&#8221;{}&#8221;][et_pb_fullwidth_header title=&#8221;Contacte&#8221; text_orientation=&#8221;center&#8221; _builder_version=&#8221;4.24.0&#8243; title_font=&#8221;|||on|||||&#8221; title_text_align=&#8221;center&#8221; title_font_size=&#8221;50px&#8221; background_color=&#8221;#375677&#8243; background_enable_image=&#8221;off&#8221; z_index_tablet=&#8221;500&#8243; text_shadow_style=&#8221;preset3&#8243; global_colors_info=&#8221;{}&#8221;][/et_pb_fullwidth_header][/et_pb_section][et_pb_section fb_built=&#8221;1&#8243; module_id=&#8221;gw_ctc&#8221; _builder_version=&#8221;4.16&#8243; global_colors_info=&#8221;{}&#8221;][et_pb_row column_structure=&#8221;1_2,1_2&#8243; _builder_version=&#8221;4.16&#8243; global_colors_info=&#8221;{}&#8221;][et_pb_column type=&#8221;1_2&#8243; module_id=&#8221;gw_ctc_c1&#8243; _builder_version=&#8221;4.16&#8243; custom_padding=&#8221;|||&#8221; global_colors_info=&#8221;{}&#8221; custom_padding__hover=&#8221;|||&#8221;][et_pb_contact_form email=&#8221;leads@generalwater.es&#8221; title=&#8221;Formulari de contacte&#8221; custom_message=&#8221;Nombre: %%Name%%||et_pb_line_break_holder||Email: %%Email%%||et_pb_line_break_holder||Teléfono: %%Telefono%%||et_pb_line_break_holder||Mensaje: %%Message%%||et_pb_line_break_holder||Tratamiento de datos: %%tratamiento-datos%%||et_pb_line_break_holder||Promociones: %%promociones%%||et_pb_line_break_holder||&#8212;&#8212;&#8212;-||et_pb_line_break_holder||Departamento: %%departamento%%&#8221; use_redirect=&#8221;on&#8221; redirect_url=&#8221;/ca/gracies/&#8221; success_message=&#8221;Gràcies per contactar amb nosaltres&#8221; submit_button_text=&#8221;Enviar&#8221; _builder_version=&#8221;4.16&#8243; _unique_id=&#8221;b41102ae-cbc4-49d5-80f6-011db99ca7e2&#8243; custom_button=&#8221;on&#8221; button_text_color=&#8221;#ffffff&#8221; button_bg_color=&#8221;#316e96&#8243; z_index_tablet=&#8221;500&#8243; global_colors_info=&#8221;{}&#8221;][et_pb_contact_field field_id=&#8221;Name&#8221; field_title=&#8221;Nom&#8221; fullwidth_field=&#8221;on&#8221; _builder_version=&#8221;4.16&#8243; global_colors_info=&#8221;{}&#8221;][/et_pb_contact_field][et_pb_contact_field field_id=&#8221;Email&#8221; field_title=&#8221;Correu electrònic&#8221; field_type=&#8221;email&#8221; fullwidth_field=&#8221;on&#8221; _builder_version=&#8221;4.16&#8243; global_colors_info=&#8221;{}&#8221;][/et_pb_contact_field][et_pb_contact_field field_id=&#8221;Telefono&#8221; field_title=&#8221;Telèfon&#8221; required_mark=&#8221;off&#8221; fullwidth_field=&#8221;on&#8221; _builder_version=&#8221;4.16&#8243; global_colors_info=&#8221;{}&#8221;][/et_pb_contact_field][et_pb_contact_field field_id=&#8221;departamento&#8221; field_title=&#8221;Selecciona departament&#8221; field_type=&#8221;select&#8221; select_options=&#8221;%91{%22value%22:%22Informació comercial%22,%22checked%22:0},{%22value%22:%22Servei tècnic%22,%22checked%22:0}%93&#8243; _builder_version=&#8221;4.16&#8243; global_colors_info=&#8221;{}&#8221;][/et_pb_contact_field][et_pb_contact_field field_id=&#8221;Message&#8221; field_title=&#8221;Missatge&#8221; field_type=&#8221;text&#8221; fullwidth_field=&#8221;on&#8221; _builder_version=&#8221;4.16&#8243; global_colors_info=&#8221;{}&#8221;][/et_pb_contact_field][et_pb_contact_field field_id=&#8221;tratamiento-datos&#8221; field_type=&#8221;checkbox&#8221; checkbox_options=&#8221;%91{%22value%22:%22Accepto el tractament de les meves dades per les finalitats indicades%22,%22checked%22:0}%93&#8243; fullwidth_field=&#8221;on&#8221; _builder_version=&#8221;4.16&#8243; global_colors_info=&#8221;{}&#8221;][/et_pb_contact_field][et_pb_contact_field field_id=&#8221;promociones&#8221; field_type=&#8221;checkbox&#8221; checkbox_options=&#8221;%91{%22value%22:%22Autoritzo que m&#8217;envïin promocions d&#8217;interès relacionades amb els seus productes%22,%22checked%22:0}%93&#8243; required_mark=&#8221;off&#8221; fullwidth_field=&#8221;on&#8221; _builder_version=&#8221;4.16&#8243; global_colors_info=&#8221;{}&#8221;][/et_pb_contact_field][/et_pb_contact_form][et_pb_code _builder_version=&#8221;4.24.3&#8243; hover_enabled=&#8221;0&#8243; z_index_tablet=&#8221;500&#8243; global_colors_info=&#8221;{}&#8221; sticky_enabled=&#8221;0&#8243;]</p>
<div id="data_info_wrapper">
<div id="data_info"><pee class="head"><strong>INFORMACIÓ BÀSICA SOBRE PROTECCIÓ DE DADES</strong></pee>
<ul>
<li><strong>Responsable:</strong> *GENERAL WATER SYSTEMS,SL</li>
<li><strong>Finalitats:</strong> *Gestionar l&#8217;enviament d&#8217;informació que ens sol·licita</li>
<li><strong>Legitimació</strong> *Consentiment de l&#8217;interessat</li>
<li><strong>Destinataris:</strong> *Les seves dades no es cediran a tercers excepte en el cas d&#8217;obligació legal</li>
<li><strong>Drets de l&#8217;interessat:</strong> *A accedir, oposar-se, rectificar i que s&#8217;esborrin les seves dades, així com olios drets com s&#8217;explica en l&#8217;informació addicional</li>
</ul>
<pee>*Pot accedir a informació addicional i ampliada en aquest enllaç <a target="_blank" href="https://www.generalwater.es/proteccion-de-datos/" rel="noopener noreferrer">+INFO SOBRE PROTECCIÓ DE DADES</a></pee></div>
</div>
<p>[/et_pb_code][et_pb_code _builder_version=&#8221;4.16&#8243; z_index_tablet=&#8221;500&#8243; global_colors_info=&#8221;{}&#8221;]<script><!-- [et_pb_line_break_holder] -->jQuery(document).ready(function(){<!-- [et_pb_line_break_holder] -->jQuery("#data_info_wrapper").insertBefore("p[data-id=tratamiento-datos]");<!-- [et_pb_line_break_holder] -->});<!-- [et_pb_line_break_holder] --></script><!-- [et_pb_line_break_holder] -->[/et_pb_code][/et_pb_column][et_pb_column type=&#8221;1_2&#8243; module_id=&#8221;gw_ctc_c2&#8243; _builder_version=&#8221;4.16&#8243; custom_padding=&#8221;|||&#8221; global_colors_info=&#8221;{}&#8221; custom_padding__hover=&#8221;|||&#8221;][et_pb_image src=&#8221;https://www.generalwater.es/wp-content/uploads/2024/05/mapa.png&#8221; title_text=&#8221;mapa&#8221; align_tablet=&#8221;center&#8221; align_phone=&#8221;&#8221; align_last_edited=&#8221;on|desktop&#8221; _builder_version=&#8221;4.24.3&#8243; custom_margin=&#8221;5px||5px|5%&#8221; custom_padding=&#8221;5px||5px|5%&#8221; hover_enabled=&#8221;0&#8243; global_colors_info=&#8221;{}&#8221; sticky_enabled=&#8221;0&#8243;][/et_pb_image][et_pb_text _builder_version=&#8221;4.24.3&#8243; hover_enabled=&#8221;0&#8243; z_index_tablet=&#8221;500&#8243; global_colors_info=&#8221;{}&#8221; sticky_enabled=&#8221;0&#8243;]</p>
<p style="text-align: right;">Seu Central <strong>Barcelona</strong> | Delegacions <strong>Girona</strong>,<strong> Tarragona, Andorra</strong> i <strong>Illes Balears</strong></p>
<div class="horari-textos">
<p class="horari-text">El nostre servei d&#8217;atenció al client es posarà en contacte amb vostè en un termini no superior a 10 minuts.</p>
<p class="horari-text">El trucarem dins del nostre horari comercial ininterromput, de dilluns a divendres de 09:00 h. a 19:00 h.</p>
</div>
<p>[/et_pb_text][/et_pb_column][/et_pb_row][/et_pb_section]</p>

<p>Seu Central Barcelona | Delegacions Girona, Tarragona, Andorra i Illes Balears El nostre servei d&#8217;atenció al client es posarà en contacte amb vostè en un termini no superior a 10 minuts. El trucarem dins del nostre horari comercial ininterromput, de dilluns a divendres de 09:00 h. a 19:00 h.</p>
